, 43
Let a = 8020 + 5693. What are the prime factors of a?
3, 7, 653
Suppose 0 = -2*y + 5*y + 54. Let o = 72 + y. Suppose c - 20 = o. What are the prime factors of c?
2, 37
Suppose -2*n + 990 = -24*o + 22*o, 2*n = -5*o + 955. List the prime factors of (n*5/(-4))/((-5)/10).
5, 7
List the prime factors of ((-1805)/2)/(-33 - (-67260)/2040).
5, 17, 19
Let b(g) be the first derivative of -113*g**2/2 + 50*g + 47. List the prime factors of b(-3).
389
Suppose -12*m + 22*m = 2*m + 406568. List the prime factors of m.
50821
Let g be 6/27 - (-142)/9. Suppose 13 = -v + g. List the prime factors of -3 + (v/(-2))/(9/(-1038)).
2, 5, 17
Suppose -224 = -56*m + 60*m. What are the prime factors of (248/m + 7)*1*7?
2, 3
Suppose -898 = -2*s + 3*c, -2*c = -4*s - c + 1786. Suppose 0 = -o + s - 120. What are the prime factors of o?
2, 163
Let a = 373 - 187. Let w = -93 + a. What are the prime factors of w?
3, 31
Let x = 22008 + -15383. List the prime factors of x.
5, 53
Suppose 0 = -r + 311 - 64. Let f = 318 - r. List the prime factors of f.
71
Let q be 2/(-10) + 1508/290. Suppose 3*w + 5 = -4, -7588 = -q*b + w. List the prime factors of b.
37, 41
Suppose -2*n - 116036 = -5*z, -13*n + 16*n = -2*z + 46441. What are the prime factors of z?
2, 5, 11, 211
Suppose 263*u - 161*u - 1751544 = 0. List the prime factors of u.
2, 3, 53
Suppose -10*s - 16731 = s. Let p = 2235 + s. What are the prime factors of p?
2, 3, 7, 17
Let l = -131 + 150. Suppose l*q = 11*q + 2064. List the prime factors of q.
2, 3, 43
Suppose 0 = 26*p - 15044 + 536. Suppose -1158 = -559*z + p*z. What are the prime factors of z?
2, 3, 193
What are the prime factors of (108/(-45))/(3 + (-1)/(19060/57186))?
2, 953
Let k(q) = 9*q - 261. Let j be k(31). Suppose -1896 + 31092 = j*h. List the prime factors of h.
2, 811
Suppose -2*b = -4*o + 362, 2*b + 37 - 312 = -3*o. List the prime factors of ((-15)/(-21) - 1) + 5122/o.
2, 7
Suppose j = 14*j + 9*j - 319352. List the prime factors of j.
2, 19, 191
Let p = -7 - -9. Let w be 2/((-11)/(-33) + p/12). Suppose w*t - 203 - 193 = 0. What are the prime factors of t?
3, 11
Let r = -8080 - -12050. List the prime factors of r.
2, 5, 397
Suppose 15429 + 16103 = 15*k - 32098. List the prime factors of k.
2, 3, 7, 101
Let q = -58 + 3. Let c be 33/q*10/(-2). Suppose p = -c*f + 4*p + 213, -3*f + p = -217. List the prime factors of f.
73
Let b(p) = 7*p - 51. Let k(r) = r**3 - 2*r**2 - 5. Let a be k(3). Suppose -a*u - 31 = -131. What are the prime factors of b(u)?
2, 31
Suppose -18*p - 4 = -22*p. List the prime factors of 5 + (196 - -3)/p.
2, 3, 17
List the prime factors of ((-31)/62)/(((-6)/10384)/3).
2, 11, 59
Suppose 1860 = 4*i - 2*j + 6*j, 0 = -2*i - 4*j + 920. Let m = -182 + i. List the prime factors of m.
2, 3
Let r(p) = -205*p**3 + p**2 + 3*p - 15. List the prime factors of r(-4).
13109
Let f = 383 - 464. Let g = 25 + 140. Let i = f + g. List the prime factors of i.
2, 3, 7
Let r(k) = -77*k + 19. Let s be r(-16). Suppose -q - 2*j + 356 = 0, 3*j - 193 - s = -4*q. List the prime factors of q.
2, 7, 13
Suppose 166*y - 1446690 - 722100 = 0. List the prime factors of y.
3, 5, 13, 67
Let k be 1/2 + (-4)/(-8). List the prime factors of (255/10)/(k/2).
3, 17
Let u be 0 - (6/(-4) + 21/(-14)). Let g(j) = -75*j - 47*j - u + 12*j + 6*j. List the prime factors of g(-1).
101
Let g(z) = 4*z**3 - 14*z**2 + 37*z + 10. List the prime factors of g(19).
5, 31, 149
What are the prime factors of (-1 + 1458)/((-88)/(-88))?
31, 47
Suppose 83*i = 81*i + 788. Let b = 564 - i. List the prime factors of b.
2, 5, 17
Let f = 2373 + 16240. List the prime factors of f.
7, 2659
Suppose -8810 = -5*k + 5*t, 5*k = 4*t + 113 + 8699. List the prime factors of k.
2, 3, 7
Suppose -5*l + 29 = 4*v, 2*v + 15 = 4*l - 3. Suppose -2*a + 4*x + 24 = 0, 4*a - 38 = a + l*x. What are the prime factors of ((-564)/16)/((-6)/a)?
2, 47
Suppose 0 = -20*l + 10*l + 30. Suppose 4*m + 4*k - 1868 = -0*m, 0 = -l*m - 5*k + 1405. List the prime factors of m.
3, 5, 31
Let w be 9381/7 + 7 + (-550)/77. Suppose 0 = 4*i + 3*d - w, -3*d + 330 = i - d. List the prime factors of i.
2, 13
Let z = 125123 - 81954. List the prime factors of z.
7, 881
Let u(z) = 33*z**2 + 5*z + 4. Let t be u(-1). Suppose 0*i + 2*i = t. Suppose -8*k + i*k = 632. What are the prime factors of k?
79
Let z(r) = -r**3 - 6*r**2 - 4*r - 10. Let i be z(-6). Suppose -i*u = -8*u - 438. What are the prime factors of u?
73
Let r(n) = n**3 - n**2 - n - 2. Let v be r(7). Let d = v - 38. Let g = -174 + d. List the prime factors of g.
73
Let k be (-1)/(-1*2*5/20). Let l be k/(-8) + (-1)/(-4). Suppose l - 154 = -o. List the prime factors of o.
2, 7, 11
List the prime factors of ((12/6)/((-4)/38))/(2/(-994)).
7, 19, 71
Suppose 374*g - 4607954 = 36*g. What are the prime factors of g?
13633
Suppose -17*v - 2295 = -12*v + 5*w, 2*w = -5*v - 2304. List the prime factors of v/(-10) - (93/15 - 6).
2, 23
Suppose 0*m + 7*m = 4354. Suppose 3*t + 5*y - m = 0, -4*t + y = -2*y - 868. What are the prime factors of t?
2, 107
Let x(w) = 25*w - 119. Let m(p) = p**2 - 6*p - 18. Let q be m(9). What are the prime factors of x(q)?
2, 53
Let j = 12 + -22. List the prime factors of (1916/j)/(((-36)/15)/6).
479
Suppose -4*x = -8*x - 2*z + 15332, 0 = 4*x + z - 15334. List the prime factors of x.
2, 3, 71
Let d(p) = 339*p - 1303. What are the prime factors of d(46)?
31, 461
Let b(x) = -11*x**3 - 13*x**2 - 28*x - 19. What are the prime factors of b(-5)?
1171
Let y(g) = 3*g**3 + 139*g**2 - 5*g + 43. What are the prime factors of y(-44)?
3, 5, 307
Suppose j = -400 - 214. Let a be 3 - (192/88 - 4/22). What are the prime factors of (j/(-8))/a - 1/(-4)?
7, 11
Suppose 0 = -4*i - a + 76948, 0 = -105*i + 103*i - 4*a + 38488. List the prime factors of i.
2, 3, 7, 229
Suppose 80 = 17*l + 12. Suppose 0 = -y - 2 + l, -b + 242 = -3*y. List the prime factors of b.
2, 31
Let k be (-3327)/(-5) + (-6)/60*4. Suppose -a - 6*m + 250 = -m, 2*m = 3*a - k. Suppose a = 3*z - 393. List the prime factors of z.
2, 103
Let f(b) = -b**2 + 11*b - 25. Let w be f(7). Suppose 4*j = w*q + 405 + 877, j + 4*q - 330 = 0. What are the prime factors of j?
2, 7, 23
Suppose 0 = c - 5*x + 2*x - 9, 0 = 3*x + 6. Suppose 2*k = k + 3*h + 378, 0 = -2*k - c*h + 774. List the prime factors of k.
2, 3
Suppose 220*c + 71199 = 2499638 - 180039. List the prime factors of c.
2, 5, 7, 73
Let v be (-2)/(-3)*(-963)/12*-22. Suppose -2*r + v = 121. List the prime factors of r.
2, 3, 11
Let d = 26779 - 18063. List the prime factors of d.
2, 2179
Let c = -55 - -59. Suppose -c*i - 3*i + 35 = 0. Suppose 5*v + 5 = 4*n + 104, -135 = -5*v - i*n. What are the prime factors of v?
23
Let a(k) = -k**3 + 23*k**2 - 5*k + 6. Let x be a(23). Let u = 755 + x. What are the prime factors of u?
2, 17, 19
Suppose -3879*b = -3870*b - 9315. List the prime factors of b.
3, 5, 23
Suppose 3*r + 84 = -2*p, 2*p = -9*r + 5*r - 112. What are the prime factors of r*14*55/(-20)?
2, 7, 11
Let w be 13/3 - (-13)/(-39). Suppose 10*c = -w*c + 2240. What are the prime factors of c?
2, 5
Let j be (-2)/(-11) - 576/(-99). Let o(h) = -h - 11. Let f be o(-11). Suppose l + 2*g - 204 = f, -3*l = -7*g + j*g - 647. What are the prime factors of l?
2, 107
Suppose 3*q + 4*g - 7409 = 0, -13615 = -5*q - 3*g - 1274. What are the prime factors of q?
2467
Suppose 10 = 5*a, -70 = -3*f + a - 0*a. Let v = f + -13. List the prime factors of (13 - v)/((-2)/(-43)).
43
Let v be 1 + 93/(-13) + (-12)/(-78). List the prime factors of (-26)/v*(23 + -2).
7, 13
Let j be (-26)/(-8) + 1/(-4). Let o = -568 + 589. List the prime factors of o + 0 - (-1)/(j/3).
2, 11
Let k be (-1492)/(-20) - (-15)/(-25). Let f = 2 - 60. Let l = k + f. List the prime factors of l.
2
Suppose 0 = 4*c - 5*r - 4775 - 34508, 4*r = -5*c + 49155. What are the prime factors of c?
31, 317
Let t(x) be the second derivative of 29*x**5/4 - x**4/4 + x**2 + 55*x - 2. What are the prime factors of t(2)?
2, 5, 23
Let f be (18/(-10))/(177/(-3245)). Suppose f*u - 7465 = 16988. List the prime factors of u.
3, 13, 19
What are the prime factors of 148412/(-4)*(1/(-2))/(18/36)?
11, 3373
Let h(o) = -687*o + 5238. List the prime factors of h(-63).
3, 599
Let l(h) be the third derivative of h**6/120 + h**4/8 + 149*h**3/3 - 8*h**2 - 3*h. List the prime factors of l(0).
2, 149
